f u.
2
Suppose r - 120 = -4*q, -96 = -4*q - 3*r + 16. List the prime factors of q.
31
Suppose q - 24 = 4*q. List the prime factors of 4*(1 + 2/q).
3
Suppose -3*d + 4*d - 3 = 0. Suppose q = d*q - 50. Suppose 4*t = y - t, 4*y - q = -5*t. List the prime factors of y.
5
Let z be 202/5 - (48/30)/4. Suppose -4*a + 3*g + 3 = 37, 0 = 2*a - g + 18. List the prime factors of (-12)/a*z/3.
2
Let s be -4*1*-1*(-3)/3. Suppose 4*w - 5*c - 5 = 7, -4*c + 32 = 2*w. List the prime factors of (s/3)/(w/(-108)).
2, 3
Suppose 0 = 2*w + j, -4*w - 4*j = j + 12. Suppose 2*i + 0*i + w*h = 22, 3*h + 71 = 5*i. List the prime factors of i.
13
Let d(m) = m**2 + 2*m + 1. Let z(l) = -l**2 - 4*l + 4. Let f be z(-5). Let k be d(f). Suppose k*x = 2*x - 28. What are the prime factors of x?
2, 7
List the prime factors of 22/(-99) + (-443)/(-9).
7
Suppose 0 = 2*v - 4 - 0. Suppose 2*f + f - 6 = 0, 0 = -m + v*f. Suppose -3*h - 8 = -5*a, 2*a + 2*h = 3*h + m. What are the prime factors of a?
2
Let h(w) = 7*w**2 + 4*w - 9. Let i(f) = f**2 + f - 1. Let x(r) = h(r) - 6*i(r). List the prime factors of x(-4).
3, 7
Let t(x) = x**3 - x**2 - 4. Let k(s) = 1. Let g(d) = 5*k(d) + t(d). List the prime factors of g(2).
5
Suppose -6*t - 1242 = -15*t. What are the prime factors of t?
2, 3, 23
Suppose 0 = 4*c - 41 - 75. Suppose -2*g = -2, 3*g = -3*h + c + 82. Suppose 3*w = -0*w + h. List the prime factors of w.
2, 3
Let w(y) = y**2 + y + 6. Let l be w(0). Let f(d) = 3*d**2 - 7*d + 12. Let j be f(2). Let i = j - l. List the prime factors of i.
2
Let v = 13 - 6. What are the prime factors of v?
7
Let l = -10 - -15. Suppose -b = -4*z + 8, 3*z - l*b - 11 + 5 = 0. List the prime factors of z.
2
Let l(y) = y**3 + 12*y**2 + 9*y - 2. What are the prime factors of l(-5)?
2
Let b be 0/(5 - 20/5). Suppose -o = -2*y + 13, -y - 10 = -2*o + 7*o. List the prime factors of y - ((-3)/(-3) - b).
2
Let h be -4*-1*3/(-6). List the prime factors of 228/h*1/(-3).
2, 19
Let x = -233 + 436. List the prime factors of x.
7, 29
What are the prime factors of (-2 + 4)*17/1?
2, 17
Let s(w) = 78*w. Let l be s(1). Let q be ((-8)/6)/((-1)/3). List the prime factors of l/q*(-2)/(-3).
13
Let q(f) = -7*f**3 - 9*f**2 - 9*f. Let a(c) = 4*c**3 + 4*c**2 + 4*c. Let b(k) = -5*a(k) - 3*q(k). List the prime factors of b(-5).
3, 5
Let o = 3 + 0. Suppose 3*v = o*u + 2*v - 21, -4*u = 4*v - 28. Suppose 4*d - u*g + 2*g + 13 = 0, -19 = 2*d - 5*g. What are the prime factors of d?
3
Let l = -22 - -26. Let i = l - -12. What are the prime factors of i?
2
Suppose y + 3*y = 32. Suppose -93 = -5*s - y. What are the prime factors of s?
17
List the prime factors of 2/(-8)*30300/(-25).
3, 101
Let l = -48 - -87. What are the prime factors of l?
3, 13
Let g = 69 + -38. List the prime factors of g.
31
Let v be (-3 + 3)/(2 - -1). What are the prime factors of (1 + v)/(13/78)?
2, 3
Let u(v) = 5*v**2 + 8*v + 17. Let m(x) = -x**2 + x - 1. Let p(j) = 4*m(j) + u(j). List the prime factors of p(-12).
13
Let g = 1 + 1. Suppose -o + g*a + 7 = 0, 3*o = -o - 2*a + 18. Suppose 94 - 39 = o*d. What are the prime factors of d?
11
What are the prime factors of (-86)/(-4)*-12*(-4)/8?
3, 43
Suppose 5*b + 20 = 0, 39 + 7 = g - 4*b. List the prime factors of g.
2, 3, 5
Suppose 2*s - 150 = u, 2*s = -0*u - 5*u + 150. What are the prime factors of s?
3, 5
Suppose 3 = 3*x - 9. Suppose -3*j + x*n + 41 = 0, -5*j + n - 5*n + 79 = 0. List the prime factors of j.
3, 5
Let l be (15/(-10))/(2/(-4)). List the prime factors of 3*((-17)/(-3) - l).
2
Let g = -20 + 23. List the prime factors of g.
3
Suppose -3*p - 2*n = -12, -5*n + 1 = -5*p - 4. Let q(x) = -39*x + 16*x + 5*x**2 + 21*x + 2. List the prime factors of q(p).
2, 3
Suppose 3*w = -o + 22 + 73, 3*w - 105 = -3*o. Suppose 1 = -3*z - 5, -4*i - 3*z = -w. What are the prime factors of i?
3
Let c = 8 - 3. Suppose 0 = -h + 2*h + c. Let g = h - -17. What are the prime factors of g?
2, 3
Let y(w) = 4*w**2 - 2*w + 3. What are the prime factors of y(4)?
59
Let t(q) = q**3 + 15*q**2 + 12*q - 18. Let z be t(-14). What are the prime factors of z/1 - (-1 + 0)?
11
Let n be ((-6)/4 - 0)*2. Let u(a) = -a**3 - 3*a**2 - 4*a - 1. What are the prime factors of u(n)?
11
Let s be (-90)/(-12)*4/5. Suppose 0 = 4*z - 5*d - 88, -3*z + d = -0*z - 55. Suppose -2*h + s = 3*t - z, -37 = -3*t + 5*h. What are the prime factors of t?
3
Suppose -k - 42 = -3*k. Let a(l) = l**3 + 7*l**2 + l - 8. Let o be a(-7). Let m = k + o. What are the prime factors of m?
2, 3
Let j(s) = 8*s**2 + 5*s + 4. Let z = -3 + 1. List the prime factors of j(z).
2, 13
Let r(c) = 237*c + 4. What are the prime factors of r(1)?
241
What are the prime factors of ((-18)/(-12))/(6/128)?
2
Let x = -22 + 12. Let p be (0 - -2)*x/(-4). Suppose p = -0*m + m. What are the prime factors of m?
5
Let o be 0/((-2*4)/4). Let g be (-2)/(-7) - (-19)/7. Suppose o*n - 27 = -g*n. What are the prime factors of n?
3
Suppose -5*m - 19 = -3*q, -3*q + 7*m - 3*m + 17 = 0. Suppose -q*r - 2*j = -12, -4*r - 9 = -4*j - 45. List the prime factors of r.
2, 3
Let x be 12 + -13 + 2/1. Let y(t) = 21*t**2 + 2*t - 1. List the prime factors of y(x).
2, 11
What are the prime factors of 8/5*700/28?
2, 5
Suppose 3*l = -2*l. Let f be -14 + (1 + -1 - l). Let t = 23 + f. List the prime factors of t.
3
Let z = -145 + 388. What are the prime factors of z?
3
Suppose 0*n - 3*n + 18 = 0. Let j(q) = 3 - q + 0*q**2 - 4 - n*q**3 + 7*q**3 + q**2. What are the prime factors of j(2)?
3
Let l(u) = u**3 - 4*u**2 + u. Let p be l(4). Suppose 0 = -0*m + p*m - 36. List the prime factors of m.
3
What are the prime factors of 15/27*3*15?
5
Let v(m) = -2*m + 6. Let a(y) = -1. Let q(u) = u + 6. Let s(j) = -4*a(j) - q(j). Let t be s(3). What are the prime factors of v(t)?
2
Let c = -291 + 582. What are the prime factors of c?
3, 97
What are the prime factors of (-71)/(-3) - (-14)/(-21)?
23
Let f = -52 + 37. Let p = f + 21. List the prime factors of p.
2, 3
Let v be 4/((-1)/(-1)*1). Suppose -v*a + 2*l + 57 = l, 4*a + l - 55 = 0. List the prime factors of a.
2, 7
Suppose t + 6*u - 4*u = 30, -2*t + 4*u = -44. Suppose 2*m = -2*m - y + t, -3*m + 2*y = -14. List the prime factors of m.
2, 3
Suppose 5*b - 70 = 3*b. List the prime factors of b.
5, 7
Suppose -7 = z - 5*y - 48, 3*z - 73 = 5*y. Let a = z - 6. What are the prime factors of (3/(-2))/(-3)*a?
5
Let j(k) = -k**3 + 5*k**2 + k - 6. Let n be j(5). Let l = n + 5. List the prime factors of l.
2
Let z be ((-1)/(-2))/((-1)/38). Let n = -5 - z. What are the prime factors of n?
2, 7
Suppose -5*r + 92 = -r. List the prime factors of r.
23
What are the prime factors of (-3 + 2)*-3 - -12?
3, 5
Suppose -b + 34 = 2*n + 3*b, -5*b + 30 = 2*n. What are the prime factors of n?
5
Suppose 6*f = 2*f. Suppose -n = -f*n - 29. List the prime factors of n.
29
Let a = 12 + -11. What are the prime factors of 2/a*(-9)/(-2)?
3
Suppose 0*z + 16 = 2*z. Let o = 14 - z. List the prime factors of o.
2, 3
Let n be 18/(((-20)/16)/(-5)). Let b = n + -44. What are the prime factors of b?
2, 7
Let w be -3*(-8)/6*2. Let l(g) = g - 1. Let v be l(1). Suppose v*f + w = f. What are the prime factors of f?
2
Suppose -o + 0*t - t - 1 = 0, 3*t - 3 = 0. Let u(g) = 2*g**3 + 2*g + 3. Let a be u(o). Let i = a - -30. List the prime factors of i.
13
Let a(u) = -13*u - 2. List the prime factors of a(-3).
37
Let r(y) = y**2 + 9*y + 8. What are the prime factors of r(-9)?
2
List the prime factors of (83 + -2)/(3/2).
2, 3
Suppose 0 = -10*n + 5*n. Suppose n = 2*o - 5 - 5. What are the prime factors of o?
5
What are the prime factors of (50/(-20))/((-3)/42)?
5, 7
Suppose -3*w + t = -6*w + 3, -4*w = -2*t - 14. Suppose -w*m - 10 = -4*m. What are the prime factors of m?
5
Let w be (-4)/6 - 75/9. Let o(b) = b**2 + 9*b + 11. List the prime factors of o(w).
11
Let o be (-10)/(-3) - (-2)/(-6). Suppose -o*i - 3 = -9. What are the prime factors of (7/i)/(3/6)?
7
Suppose o - 3*x + 10 = -o, 0 = 3*o + 4*x + 15. Let j(s) = -s**2 - 8*s - 2. What are the prime factors of j(o)?
13
Let w(m) = -m**3 + 7*m**2 - 5*m - 4. Let s be w(6). Suppose s = -b + 32. List the prime factors of b.
2, 3, 5
Let x(b) = -b**3 + 10*b**2 + 12*b + 4. Let t be x(11). Suppose -u + 23 = -t. What are the prime factors of u?
2, 19
Suppose d + 18 = -2*w - 11, 2*d = 3*w + 33. Let b be 3/2 - 85/10. Let c = b - w. Wh